{"id":4312,"date":"2025-09-18T17:00:00","date_gmt":"2025-09-18T17:00:00","guid":{"rendered":"https:\/\/educativa21.com\/esteticaydiseno\/?page_id=4312"},"modified":"2025-09-18T17:01:40","modified_gmt":"2025-09-18T17:01:40","slug":"confeccion-de-bikinis","status":"publish","type":"page","link":"https:\/\/educativa21.com\/esteticaydiseno\/confeccion-de-bikinis\/","title":{"rendered":"CONFECCI\u00d3N DE BIKINIS"},"content":{"rendered":"\t\t<div data-elementor-type=\"wp-page\" data-elementor-id=\"4312\" class=\"elementor elementor-4312\" data-elementor-post-type=\"page\">\n\t\t\t\t\t\t<section class=\"elementor-section elementor-top-section elementor-element elementor-element-6cb84e0 elementor-section-full_width elementor-section-height-min-height elementor-section-items-stretch elementor-section-height-default\" data-id=\"6cb84e0\" data-element_type=\"section\" data-e-type=\"section\" data-settings=\"{&quot;background_background&quot;:&quot;classic&quot;}\">\n\t\t\t\t\t\t<div class=\"elementor-container elementor-column-gap-no\">\n\t\t\t\t\t<div class=\"elementor-column elementor-col-50 elementor-top-column elementor-element elementor-element-e4f44d5\" data-id=\"e4f44d5\" data-element_type=\"column\" data-e-type=\"column\" data-settings=\"{&quot;background_background&quot;:&quot;classic&quot;}\">\n\t\t\t<div class=\"elementor-widget-wrap elementor-element-populated\">\n\t\t\t\t\t\t<section class=\"elementor-section elementor-inner-section elementor-element elementor-element-2dfa114 elementor-section-full_width elementor-section-height-default elementor-section-height-default\" data-id=\"2dfa114\" data-element_type=\"section\" data-e-type=\"section\">\n\t\t\t\t\t\t<div class=\"elementor-container elementor-column-gap-no\">\n\t\t\t\t\t<div class=\"elementor-column elementor-col-100 elementor-inner-column elementor-element elementor-element-5525313\" data-id=\"5525313\" data-element_type=\"column\" data-e-type=\"column\">\n\t\t\t<div class=\"elementor-widget-wrap elementor-element-populated\">\n\t\t\t\t\t\t<div class=\"elementor-element elementor-element-8357e7f elementor-widget elementor-widget-spacer\" data-id=\"8357e7f\" data-element_type=\"widget\" data-e-type=\"widget\" data-widget_type=\"spacer.default\">\n\t\t\t\t<div class=\"elementor-widget-container\">\n\t\t\t\t\t\t\t<div class=\"elementor-spacer\">\n\t\t\t<div class=\"elementor-spacer-inner\"><\/div>\n\t\t<\/div>\n\t\t\t\t\t\t<\/div>\n\t\t\t\t<\/div>\n\t\t\t\t<div class=\"elementor-element elementor-element-b643c6c elementor-widget elementor-widget-heading\" data-id=\"b643c6c\" data-element_type=\"widget\" data-e-type=\"widget\" data-widget_type=\"heading.default\">\n\t\t\t\t<div class=\"elementor-widget-container\">\n\t\t\t\t\t<h2 class=\"elementor-heading-title elementor-size-default\">CARRERAS ONLINE Y PRESENCIALES<\/h2>\t\t\t\t<\/div>\n\t\t\t\t<\/div>\n\t\t\t\t<div class=\"elementor-element elementor-element-fa8b279 elementor-widget__width-initial elementor-invisible elementor-widget elementor-widget-heading\" data-id=\"fa8b279\" data-element_type=\"widget\" data-e-type=\"widget\" data-settings=\"{&quot;_animation&quot;:&quot;fadeIn&quot;,&quot;_animation_delay&quot;:400}\" data-widget_type=\"heading.default\">\n\t\t\t\t<div class=\"elementor-widget-container\">\n\t\t\t\t\t<h1 class=\"elementor-heading-title elementor-size-default\">CONFECCI\u00d3N DE BIKINIS<\/h1>\t\t\t\t<\/div>\n\t\t\t\t<\/div>\n\t\t\t\t<div class=\"elementor-element elementor-element-88f2458 elementor-widget elementor-widget-button\" data-id=\"88f2458\" data-element_type=\"widget\" data-e-type=\"widget\" data-widget_type=\"button.default\">\n\t\t\t\t<div class=\"elementor-widget-container\">\n\t\t\t\t\t\t\t\t\t<div class=\"elementor-button-wrapper\">\n\t\t\t\t\t<a class=\"elementor-button elementor-button-link elementor-size-sm\" href=\"https:\/\/drive.google.com\/file\/d\/1Lys20vv4jSeCi6u9DBg73GPJ3lFx8mrH\/view?usp=sharing\">\n\t\t\t\t\t\t<span class=\"elementor-button-content-wrapper\">\n\t\t\t\t\t\t\t\t\t<span class=\"elementor-button-text\">DESCARGAR PROGRAMA<\/span>\n\t\t\t\t\t<\/span>\n\t\t\t\t\t<\/a>\n\t\t\t\t<\/div>\n\t\t\t\t\t\t\t\t<\/div>\n\t\t\t\t<\/div>\n\t\t\t\t<div class=\"elementor-element elementor-element-d4424f4 elementor-invisible elementor-widget elementor-widget-text-editor\" data-id=\"d4424f4\" data-element_type=\"widget\" data-e-type=\"widget\" data-settings=\"{&quot;_animation&quot;:&quot;fadeIn&quot;,&quot;_animation_delay&quot;:600}\" data-widget_type=\"text-editor.default\">\n\t\t\t\t<div class=\"elementor-widget-container\">\n\t\t\t\t\t\t\t\t\t<p>Este curso est\u00e1 dise\u00f1ado para capacitar a los estudiantes en el dise\u00f1o y la confecci\u00f3n de trajes de ba\u00f1o. El objetivo es que los futuros profesionales dominen las t\u00e9cnicas y los materiales espec\u00edficos para crear bikinis y mallas de alta calidad, que combinen ajuste perfecto, comodidad y estilo.<\/p>\t\t\t\t\t\t\t\t<\/div>\n\t\t\t\t<\/div>\n\t\t\t\t\t<\/div>\n\t\t<\/div>\n\t\t\t\t\t<\/div>\n\t\t<\/section>\n\t\t\t\t<div class=\"elementor-element elementor-element-b8e891c elementor-widget__width-initial elementor-widget-tablet__width-initial elementor-absolute elementor-widget-mobile__width-initial elementor-invisible elementor-widget elementor-widget-spacer\" data-id=\"b8e891c\" data-element_type=\"widget\" data-e-type=\"widget\" data-settings=\"{&quot;_position&quot;:&quot;absolute&quot;,&quot;_animation&quot;:&quot;fadeIn&quot;}\" data-widget_type=\"spacer.default\">\n\t\t\t\t<div class=\"elementor-widget-container\">\n\t\t\t\t\t\t\t<div class=\"elementor-spacer\">\n\t\t\t<div class=\"elementor-spacer-inner\"><\/div>\n\t\t<\/div>\n\t\t\t\t\t\t<\/div>\n\t\t\t\t<\/div>\n\t\t\t\t\t<\/div>\n\t\t<\/div>\n\t\t\t\t<div class=\"elementor-column elementor-col-50 elementor-top-column elementor-element elementor-element-6cc8240\" data-id=\"6cc8240\" data-element_type=\"column\" data-e-type=\"column\">\n\t\t\t<div class=\"elementor-widget-wrap elementor-element-populated\">\n\t\t\t\t\t\t<section class=\"elementor-section elementor-inner-section elementor-element elementor-element-dfe5521 elementor-section-full_width elementor-reverse-tablet elementor-reverse-mobile elementor-section-height-default elementor-section-height-default\" data-id=\"dfe5521\" data-element_type=\"section\" data-e-type=\"section\">\n\t\t\t\t\t\t<div class=\"elementor-container elementor-column-gap-no\">\n\t\t\t\t\t<div class=\"elementor-column elementor-col-50 elementor-inner-column elementor-element elementor-element-18b3695\" data-id=\"18b3695\" data-element_type=\"column\" data-e-type=\"column\">\n\t\t\t<div class=\"elementor-widget-wrap elementor-element-populated\">\n\t\t\t\t\t\t<div class=\"elementor-element elementor-element-08c6059 animated-fast elementor-invisible elementor-widget elementor-widget-image\" data-id=\"08c6059\" data-element_type=\"widget\" data-e-type=\"widget\" data-settings=\"{&quot;_animation&quot;:&quot;slideInRight&quot;,&quot;_animation_tablet&quot;:&quot;slideInLeft&quot;}\" curso=\"\" data-widget_type=\"image.default\">\n\t\t\t\t<div class=\"elementor-widget-container\">\n\t\t\t\t\t\t\t\t\t\t\t\t\t\t\t<img fetchpriority=\"high\" decoding=\"async\" width=\"467\" height=\"534\" src=\"https:\/\/educativa21.com\/wp-content\/uploads\/2025\/09\/1.png\" class=\"attachment-large size-large wp-image-4308\" alt=\"\" srcset=\"https:\/\/educativa21.com\/wp-content\/uploads\/2025\/09\/1.png 467w, https:\/\/educativa21.com\/wp-content\/uploads\/2025\/09\/1-262x300.png 262w\" sizes=\"(max-width: 467px) 100vw, 467px\" \/>\t\t\t\t\t\t\t\t\t\t\t\t\t\t\t<\/div>\n\t\t\t\t<\/div>\n\t\t\t\t\t<\/div>\n\t\t<\/div>\n\t\t\t\t<div class=\"elementor-column elementor-col-50 elementor-inner-column elementor-element elementor-element-ebf4c3f animated-fast elementor-invisible\" data-id=\"ebf4c3f\" data-element_type=\"column\" data-e-type=\"column\" data-settings=\"{&quot;animation&quot;:&quot;slideInUp&quot;}\">\n\t\t\t<div class=\"elementor-widget-wrap elementor-element-populated\">\n\t\t\t\t\t\t<div class=\"elementor-element elementor-element-73a1a72 elementor-widget__width-initial elementor-widget-tablet__width-initial elementor-absolute elementor-widget-mobile__width-initial elementor-widget elementor-widget-spacer\" data-id=\"73a1a72\" data-element_type=\"widget\" data-e-type=\"widget\" data-settings=\"{&quot;_position&quot;:&quot;absolute&quot;}\" data-widget_type=\"spacer.default\">\n\t\t\t\t<div class=\"elementor-widget-container\">\n\t\t\t\t\t\t\t<div class=\"elementor-spacer\">\n\t\t\t<div class=\"elementor-spacer-inner\"><\/div>\n\t\t<\/div>\n\t\t\t\t\t\t<\/div>\n\t\t\t\t<\/div>\n\t\t\t\t<div class=\"elementor-element elementor-element-67dad3f elementor-widget__width-auto elementor-view-default elementor-widget elementor-widget-icon\" data-id=\"67dad3f\" data-element_type=\"widget\" data-e-type=\"widget\" data-widget_type=\"icon.default\">\n\t\t\t\t<div class=\"elementor-widget-container\">\n\t\t\t\t\t\t\t<div class=\"elementor-icon-wrapper\">\n\t\t\t<div class=\"elementor-icon\">\n\t\t\t<svg xmlns=\"http:\/\/www.w3.org\/2000\/svg\" id=\"bbc9790f-21ea-499d-afe1-12e80611303d\" data-name=\"Layer 1\" width=\"325\" height=\"325\" viewBox=\"0 0 325 325\"><defs><style>.ae316a3c-e74a-4971-a5d5-bd8f42c1997f{fill-rule:evenodd;}<\/style><\/defs><path class=\"ae316a3c-e74a-4971-a5d5-bd8f42c1997f\" d=\"M325,0H0V170H155V325H325Z\"><\/path><\/svg>\t\t\t<\/div>\n\t\t<\/div>\n\t\t\t\t\t\t<\/div>\n\t\t\t\t<\/div>\n\t\t\t\t\t<\/div>\n\t\t<\/div>\n\t\t\t\t\t<\/div>\n\t\t<\/section>\n\t\t\t\t<section class=\"elementor-section elementor-inner-section elementor-element elementor-element-e243b1e elementor-section-full_width elementor-section-height-default elementor-section-height-default\" data-id=\"e243b1e\" data-element_type=\"section\" data-e-type=\"section\">\n\t\t\t\t\t\t<div class=\"elementor-container elementor-column-gap-no\">\n\t\t\t\t\t<div class=\"elementor-column elementor-col-50 elementor-inner-column elementor-element elementor-element-01941b0\" data-id=\"01941b0\" data-element_type=\"column\" data-e-type=\"column\">\n\t\t\t<div class=\"elementor-widget-wrap elementor-element-populated\">\n\t\t\t\t\t\t<div class=\"elementor-element elementor-element-54706f6 animated-fast elementor-invisible elementor-widget elementor-widget-image\" data-id=\"54706f6\" data-element_type=\"widget\" data-e-type=\"widget\" data-settings=\"{&quot;_animation&quot;:&quot;slideInDown&quot;,&quot;_animation_tablet&quot;:&quot;slideInRight&quot;}\" curso=\"\" data-widget_type=\"image.default\">\n\t\t\t\t<div class=\"elementor-widget-container\">\n\t\t\t\t\t\t\t\t\t\t\t\t\t\t\t<img decoding=\"async\" width=\"884\" height=\"1024\" data-src=\"https:\/\/educativa21.com\/wp-content\/uploads\/2024\/04\/3-884x1024.png\" class=\"attachment-large size-large wp-image-3715 lazyload\" alt=\"Curso de Maquillaje Online y Presencial\" data-srcset=\"https:\/\/educativa21.com\/wp-content\/uploads\/2024\/04\/3-884x1024.png 884w, https:\/\/educativa21.com\/wp-content\/uploads\/2024\/04\/3-259x300.png 259w, https:\/\/educativa21.com\/wp-content\/uploads\/2024\/04\/3-768x890.png 768w, https:\/\/educativa21.com\/wp-content\/uploads\/2024\/04\/3-1325x1536.png 1325w, https:\/\/educativa21.com\/wp-content\/uploads\/2024\/04\/3-1767x2048.png 1767w, https:\/\/educativa21.com\/wp-content\/uploads\/2024\/04\/3.png 932w\" data-sizes=\"(max-width: 884px) 100vw, 884px\" src=\"data:image\/svg+xml;base64,PHN2ZyB3aWR0aD0iMSIgaGVpZ2h0PSIxIiB4bWxucz0iaHR0cDovL3d3dy53My5vcmcvMjAwMC9zdmciPjwvc3ZnPg==\" style=\"--smush-placeholder-width: 884px; --smush-placeholder-aspect-ratio: 884\/1024;\" \/>\t\t\t\t\t\t\t\t\t\t\t\t\t\t\t<\/div>\n\t\t\t\t<\/div>\n\t\t\t\t\t<\/div>\n\t\t<\/div>\n\t\t\t\t<div class=\"elementor-column elementor-col-50 elementor-inner-column elementor-element elementor-element-28077cf\" data-id=\"28077cf\" data-element_type=\"column\" data-e-type=\"column\">\n\t\t\t<div class=\"elementor-widget-wrap elementor-element-populated\">\n\t\t\t\t\t\t<div class=\"elementor-element elementor-element-cf067d6 animated-fast elementor-invisible elementor-widget elementor-widget-image\" data-id=\"cf067d6\" data-element_type=\"widget\" data-e-type=\"widget\" data-settings=\"{&quot;_animation&quot;:&quot;slideInLeft&quot;,&quot;_animation_tablet&quot;:&quot;slideInDown&quot;}\" cursos=\"\" data-widget_type=\"image.default\">\n\t\t\t\t<div class=\"elementor-widget-container\">\n\t\t\t\t\t\t\t\t\t\t\t\t\t\t\t<img decoding=\"async\" width=\"883\" height=\"1024\" data-src=\"https:\/\/educativa21.com\/wp-content\/uploads\/2024\/04\/1-1-883x1024.png\" class=\"attachment-large size-large wp-image-3713 lazyload\" alt=\"Curso de dise\u00f1o de moda Online y Presencial\" data-srcset=\"https:\/\/educativa21.com\/wp-content\/uploads\/2024\/04\/1-1-883x1024.png 883w, https:\/\/educativa21.com\/wp-content\/uploads\/2024\/04\/1-1-259x300.png 259w, https:\/\/educativa21.com\/wp-content\/uploads\/2024\/04\/1-1-768x891.png 768w, https:\/\/educativa21.com\/wp-content\/uploads\/2024\/04\/1-1-1325x1536.png 1325w, https:\/\/educativa21.com\/wp-content\/uploads\/2024\/04\/1-1-1766x2048.png 1766w, https:\/\/educativa21.com\/wp-content\/uploads\/2024\/04\/1-1.png 931w\" data-sizes=\"(max-width: 883px) 100vw, 883px\" src=\"data:image\/svg+xml;base64,PHN2ZyB3aWR0aD0iMSIgaGVpZ2h0PSIxIiB4bWxucz0iaHR0cDovL3d3dy53My5vcmcvMjAwMC9zdmciPjwvc3ZnPg==\" style=\"--smush-placeholder-width: 883px; --smush-placeholder-aspect-ratio: 883\/1024;\" \/>\t\t\t\t\t\t\t\t\t\t\t\t\t\t\t<\/div>\n\t\t\t\t<\/div>\n\t\t\t\t\t<\/div>\n\t\t<\/div>\n\t\t\t\t\t<\/div>\n\t\t<\/section>\n\t\t\t\t\t<\/div>\n\t\t<\/div>\n\t\t\t\t\t<\/div>\n\t\t<\/section>\n\t\t\t\t<\/div>\n\t\t","protected":false},"excerpt":{"rendered":"<p>CARRERAS ONLINE Y PRESENCIALES CONFECCI\u00d3N DE BIKINIS DESCARGAR PROGRAMA Este curso est\u00e1 dise\u00f1ado para capacitar a los estudiantes en el dise\u00f1o y la confecci\u00f3n de trajes de ba\u00f1o. El objetivo es que los futuros profesionales dominen las t\u00e9cnicas y los materiales espec\u00edficos para crear bikinis y mallas de alta calidad, que combinen ajuste perfecto, comodidad &hellip;<\/p>\n<p class=\"read-more\"> <a class=\"\" href=\"https:\/\/educativa21.com\/esteticaydiseno\/confeccion-de-bikinis\/\"> <span class=\"screen-reader-text\">CONFECCI\u00d3N DE BIKINIS<\/span> Leer m\u00e1s &raquo;<\/a><\/p>\n","protected":false},"author":1,"featured_media":0,"parent":0,"menu_order":0,"comment_status":"closed","ping_status":"closed","template":"","meta":{"site-sidebar-layout":"no-sidebar","site-content-layout":"page-builder","ast-global-header-display":"","ast-banner-title-visibility":"","ast-main-header-display":"","ast-hfb-above-header-display":"","ast-hfb-below-header-display":"","ast-hfb-mobile-header-display":"","site-post-title":"disabled","ast-breadcrumbs-content":"","ast-featured-img":"disabled","footer-sml-layout":"","theme-transparent-header-meta":"","adv-header-id-meta":"","stick-header-meta":"","header-above-stick-meta":"","header-main-stick-meta":"","header-below-stick-meta":"","footnotes":""},"class_list":["post-4312","page","type-page","status-publish","hentry"],"yoast_head":"<!-- This site is optimized with the Yoast SEO plugin v25.6 - https:\/\/yoast.com\/wordpress\/plugins\/seo\/ -->\n<title>CONFECCI\u00d3N DE BIKINIS | estetica y dise\u00f1o<\/title>\n<meta name=\"description\" content=\"Toda la info sobre CONFECCI\u00d3N DE BIKINIS\" \/>\n<meta name=\"robots\" content=\"index, follow, max-snippet:-1, max-image-preview:large, max-video-preview:-1\" \/>\n<link rel=\"canonical\" href=\"https:\/\/educativa21.com\/esteticaydiseno\/confeccion-de-bikinis\/\" \/>\n<meta property=\"og:locale\" content=\"es_ES\" \/>\n<meta property=\"og:type\" content=\"article\" \/>\n<meta property=\"og:title\" content=\"CONFECCI\u00d3N DE BIKINIS | estetica y dise\u00f1o\" \/>\n<meta property=\"og:description\" content=\"Toda la info sobre CONFECCI\u00d3N DE BIKINIS\" \/>\n<meta property=\"og:url\" content=\"https:\/\/educativa21.com\/esteticaydiseno\/confeccion-de-bikinis\/\" \/>\n<meta property=\"og:site_name\" content=\"Est\u00e8tica &amp; Dise\u00f1o\" \/>\n<meta property=\"article:publisher\" content=\"https:\/\/www.facebook.com\/EsteticayDiseno\/\" \/>\n<meta property=\"article:modified_time\" content=\"2025-09-18T17:01:40+00:00\" \/>\n<meta property=\"og:image\" content=\"https:\/\/educativa21.com\/wp-content\/uploads\/2025\/09\/1.png\" \/>\n\t<meta property=\"og:image:width\" content=\"467\" \/>\n\t<meta property=\"og:image:height\" content=\"534\" \/>\n\t<meta property=\"og:image:type\" content=\"image\/png\" \/>\n<meta name=\"twitter:card\" content=\"summary_large_image\" \/>\n<meta name=\"twitter:label1\" content=\"Tiempo de lectura\" \/>\n\t<meta name=\"twitter:data1\" content=\"1 minuto\" \/>\n<script type=\"application\/ld+json\" class=\"yoast-schema-graph\">{\"@context\":\"https:\/\/schema.org\",\"@graph\":[{\"@type\":\"WebPage\",\"@id\":\"https:\/\/educativa21.com\/esteticaydiseno\/confeccion-de-bikinis\/\",\"url\":\"https:\/\/educativa21.com\/esteticaydiseno\/confeccion-de-bikinis\/\",\"name\":\"CONFECCI\u00d3N DE BIKINIS | estetica y dise\u00f1o\",\"isPartOf\":{\"@id\":\"https:\/\/educativa21.com\/esteticaydiseno\/#website\"},\"primaryImageOfPage\":{\"@id\":\"https:\/\/educativa21.com\/esteticaydiseno\/confeccion-de-bikinis\/#primaryimage\"},\"image\":{\"@id\":\"https:\/\/educativa21.com\/esteticaydiseno\/confeccion-de-bikinis\/#primaryimage\"},\"thumbnailUrl\":\"https:\/\/educativa21.com\/wp-content\/uploads\/2025\/09\/1.png\",\"datePublished\":\"2025-09-18T17:00:00+00:00\",\"dateModified\":\"2025-09-18T17:01:40+00:00\",\"description\":\"Toda la info sobre CONFECCI\u00d3N DE BIKINIS\",\"breadcrumb\":{\"@id\":\"https:\/\/educativa21.com\/esteticaydiseno\/confeccion-de-bikinis\/#breadcrumb\"},\"inLanguage\":\"es\",\"potentialAction\":[{\"@type\":\"ReadAction\",\"target\":[\"https:\/\/educativa21.com\/esteticaydiseno\/confeccion-de-bikinis\/\"]}]},{\"@type\":\"ImageObject\",\"inLanguage\":\"es\",\"@id\":\"https:\/\/educativa21.com\/esteticaydiseno\/confeccion-de-bikinis\/#primaryimage\",\"url\":\"https:\/\/educativa21.com\/wp-content\/uploads\/2025\/09\/1.png\",\"contentUrl\":\"https:\/\/educativa21.com\/wp-content\/uploads\/2025\/09\/1.png\"},{\"@type\":\"BreadcrumbList\",\"@id\":\"https:\/\/educativa21.com\/esteticaydiseno\/confeccion-de-bikinis\/#breadcrumb\",\"itemListElement\":[{\"@type\":\"ListItem\",\"position\":1,\"name\":\"Portada\",\"item\":\"https:\/\/educativa21.com\/esteticaydiseno\/main-page-2\/\"},{\"@type\":\"ListItem\",\"position\":2,\"name\":\"CONFECCI\u00d3N DE BIKINIS\"}]},{\"@type\":\"WebSite\",\"@id\":\"https:\/\/educativa21.com\/esteticaydiseno\/#website\",\"url\":\"https:\/\/educativa21.com\/esteticaydiseno\/\",\"name\":\"Est\u00e8tica & Dise\u00f1o\",\"description\":\"Capacitaciones Online y Presenciales\",\"publisher\":{\"@id\":\"https:\/\/educativa21.com\/esteticaydiseno\/#organization\"},\"potentialAction\":[{\"@type\":\"SearchAction\",\"target\":{\"@type\":\"EntryPoint\",\"urlTemplate\":\"https:\/\/educativa21.com\/esteticaydiseno\/?s={search_term_string}\"},\"query-input\":{\"@type\":\"PropertyValueSpecification\",\"valueRequired\":true,\"valueName\":\"search_term_string\"}}],\"inLanguage\":\"es\"},{\"@type\":\"Organization\",\"@id\":\"https:\/\/educativa21.com\/esteticaydiseno\/#organization\",\"name\":\"Est\u00e9tica y Dise\u00f1o\",\"url\":\"https:\/\/educativa21.com\/esteticaydiseno\/\",\"logo\":{\"@type\":\"ImageObject\",\"inLanguage\":\"es\",\"@id\":\"https:\/\/educativa21.com\/esteticaydiseno\/#\/schema\/logo\/image\/\",\"url\":\"https:\/\/educativa21.com\/wp-content\/uploads\/2024\/10\/ef.png\",\"contentUrl\":\"https:\/\/educativa21.com\/wp-content\/uploads\/2024\/10\/ef.png\",\"width\":1149,\"height\":1080,\"caption\":\"Est\u00e9tica y Dise\u00f1o\"},\"image\":{\"@id\":\"https:\/\/educativa21.com\/esteticaydiseno\/#\/schema\/logo\/image\/\"},\"sameAs\":[\"https:\/\/www.facebook.com\/EsteticayDiseno\/\",\"https:\/\/www.instagram.com\/estetica.diseno\/?hl=es\"]}]}<\/script>\n<!-- \/ Yoast SEO plugin. -->","yoast_head_json":{"title":"CONFECCI\u00d3N DE BIKINIS | estetica y dise\u00f1o","description":"Toda la info sobre CONFECCI\u00d3N DE BIKINIS","robots":{"index":"index","follow":"follow","max-snippet":"max-snippet:-1","max-image-preview":"max-image-preview:large","max-video-preview":"max-video-preview:-1"},"canonical":"https:\/\/educativa21.com\/esteticaydiseno\/confeccion-de-bikinis\/","og_locale":"es_ES","og_type":"article","og_title":"CONFECCI\u00d3N DE BIKINIS | estetica y dise\u00f1o","og_description":"Toda la info sobre CONFECCI\u00d3N DE BIKINIS","og_url":"https:\/\/educativa21.com\/esteticaydiseno\/confeccion-de-bikinis\/","og_site_name":"Est\u00e8tica &amp; Dise\u00f1o","article_publisher":"https:\/\/www.facebook.com\/EsteticayDiseno\/","article_modified_time":"2025-09-18T17:01:40+00:00","og_image":[{"width":467,"height":534,"url":"https:\/\/educativa21.com\/wp-content\/uploads\/2025\/09\/1.png","type":"image\/png"}],"twitter_card":"summary_large_image","twitter_misc":{"Tiempo de lectura":"1 minuto"},"schema":{"@context":"https:\/\/schema.org","@graph":[{"@type":"WebPage","@id":"https:\/\/educativa21.com\/esteticaydiseno\/confeccion-de-bikinis\/","url":"https:\/\/educativa21.com\/esteticaydiseno\/confeccion-de-bikinis\/","name":"CONFECCI\u00d3N DE BIKINIS | estetica y dise\u00f1o","isPartOf":{"@id":"https:\/\/educativa21.com\/esteticaydiseno\/#website"},"primaryImageOfPage":{"@id":"https:\/\/educativa21.com\/esteticaydiseno\/confeccion-de-bikinis\/#primaryimage"},"image":{"@id":"https:\/\/educativa21.com\/esteticaydiseno\/confeccion-de-bikinis\/#primaryimage"},"thumbnailUrl":"https:\/\/educativa21.com\/wp-content\/uploads\/2025\/09\/1.png","datePublished":"2025-09-18T17:00:00+00:00","dateModified":"2025-09-18T17:01:40+00:00","description":"Toda la info sobre CONFECCI\u00d3N DE BIKINIS","breadcrumb":{"@id":"https:\/\/educativa21.com\/esteticaydiseno\/confeccion-de-bikinis\/#breadcrumb"},"inLanguage":"es","potentialAction":[{"@type":"ReadAction","target":["https:\/\/educativa21.com\/esteticaydiseno\/confeccion-de-bikinis\/"]}]},{"@type":"ImageObject","inLanguage":"es","@id":"https:\/\/educativa21.com\/esteticaydiseno\/confeccion-de-bikinis\/#primaryimage","url":"https:\/\/educativa21.com\/wp-content\/uploads\/2025\/09\/1.png","contentUrl":"https:\/\/educativa21.com\/wp-content\/uploads\/2025\/09\/1.png"},{"@type":"BreadcrumbList","@id":"https:\/\/educativa21.com\/esteticaydiseno\/confeccion-de-bikinis\/#breadcrumb","itemListElement":[{"@type":"ListItem","position":1,"name":"Portada","item":"https:\/\/educativa21.com\/esteticaydiseno\/main-page-2\/"},{"@type":"ListItem","position":2,"name":"CONFECCI\u00d3N DE BIKINIS"}]},{"@type":"WebSite","@id":"https:\/\/educativa21.com\/esteticaydiseno\/#website","url":"https:\/\/educativa21.com\/esteticaydiseno\/","name":"Est\u00e8tica & Dise\u00f1o","description":"Capacitaciones Online y Presenciales","publisher":{"@id":"https:\/\/educativa21.com\/esteticaydiseno\/#organization"},"potentialAction":[{"@type":"SearchAction","target":{"@type":"EntryPoint","urlTemplate":"https:\/\/educativa21.com\/esteticaydiseno\/?s={search_term_string}"},"query-input":{"@type":"PropertyValueSpecification","valueRequired":true,"valueName":"search_term_string"}}],"inLanguage":"es"},{"@type":"Organization","@id":"https:\/\/educativa21.com\/esteticaydiseno\/#organization","name":"Est\u00e9tica y Dise\u00f1o","url":"https:\/\/educativa21.com\/esteticaydiseno\/","logo":{"@type":"ImageObject","inLanguage":"es","@id":"https:\/\/educativa21.com\/esteticaydiseno\/#\/schema\/logo\/image\/","url":"https:\/\/educativa21.com\/wp-content\/uploads\/2024\/10\/ef.png","contentUrl":"https:\/\/educativa21.com\/wp-content\/uploads\/2024\/10\/ef.png","width":1149,"height":1080,"caption":"Est\u00e9tica y Dise\u00f1o"},"image":{"@id":"https:\/\/educativa21.com\/esteticaydiseno\/#\/schema\/logo\/image\/"},"sameAs":["https:\/\/www.facebook.com\/EsteticayDiseno\/","https:\/\/www.instagram.com\/estetica.diseno\/?hl=es"]}]}},"_links":{"self":[{"href":"https:\/\/educativa21.com\/esteticaydiseno\/wp-json\/wp\/v2\/pages\/4312"}],"collection":[{"href":"https:\/\/educativa21.com\/esteticaydiseno\/wp-json\/wp\/v2\/pages"}],"about":[{"href":"https:\/\/educativa21.com\/esteticaydiseno\/wp-json\/wp\/v2\/types\/page"}],"author":[{"embeddable":true,"href":"https:\/\/educativa21.com\/esteticaydiseno\/wp-json\/wp\/v2\/users\/1"}],"replies":[{"embeddable":true,"href":"https:\/\/educativa21.com\/esteticaydiseno\/wp-json\/wp\/v2\/comments?post=4312"}],"version-history":[{"count":7,"href":"https:\/\/educativa21.com\/esteticaydiseno\/wp-json\/wp\/v2\/pages\/4312\/revisions"}],"predecessor-version":[{"id":4319,"href":"https:\/\/educativa21.com\/esteticaydiseno\/wp-json\/wp\/v2\/pages\/4312\/revisions\/4319"}],"wp:attachment":[{"href":"https:\/\/educativa21.com\/esteticaydiseno\/wp-json\/wp\/v2\/media?parent=4312"}],"curies":[{"name":"wp","href":"https:\/\/api.w.org\/{rel}","templated":true}]}}